omposite number?
True
Let l(c) = c**2 + 12*c - 8. Let n be l(-13). Let g be 31/n - 7/35. Let m(s) = 9*s**2 - 4*s + 5. Is m(g) composite?
True
Let j be 4 - (2 + 1) - -7. Suppose l - j = g, -4*l - 2*g + 20 = -3*g. Suppose -4*z - z = 2*p - 287, -635 = -5*p + l*z. Is p prime?
True
Suppose 5*d + 101*g = 102*g + 289493, -2*g = 2*d - 115802. Is d a prime number?
True
Is -1 + 20/4 - -6 a prime number?
False
Suppose 5*s + 2206 = 4*u, -s + 3*s + 4 = 0. Suppose u = o - 4*b, b - 4*b = 5*o - 2699. Is o a composite number?
False
Is 3/2 + (-20063)/(-2) a prime number?
False
Let n(g) = g**2 - 4*g + 3. Let i be n(4). Suppose 0 = i*y - 2*q + q - 249, 0 = 3*y + 2*q - 249. Is y a prime number?
True
Let m = -147 + 147. Is m + 2/8*34124/19 a prime number?
True
Let p(t) = 4*t**2 + 6*t + 4. Let w(l) = 6*l**3. Let q be w(1). Let g be p(q). Let n = -105 + g. Is n prime?
True
Let r be 5 + 1145 + (-10)/2. Let f = r + 477. Is f a composite number?
True
Let m = -219 - 3135. Let x = 5687 + m. Is x composite?
False
Let z = 1854 - 1186. Let c = z - 322. Is c a composite number?
True
Let l = -7 - -11. Suppose -5*v - o + 41 = o, l*v = -2*o + 34. Suppose v*t - 385 = 2*t. Is t a prime number?
False
Is (-585)/15*-157*4/12 composite?
True
Suppose 7*b - 8*b - 3*j + 2509 = 0, 4*j = 5*b - 12507. Is b a prime number?
True
Is (4 - (-17052)/8)*(3 - 1) a composite number?
False
Let q = -1306 - -4280. Suppose 0 = 5*c - q - 1521. Is c a composite number?
True
Let x(j) = 3*j**2 + 4*j - 2. Let m be x(-2). Let t(g) = 4*g**2 - g + 1. Let k be t(m). Suppose v - 3*u - 34 = 0, k = -5*u + 2*u. Is v prime?
True
Let f be 5 + (6 - 2) + -2 + -1. Let k(m) = 21*m**3 + 5*m**2 - 5*m - 2. Let b be k(4). Suppose 2*p - f*n = -2*n + b, -4*p + 2792 = 4*n. Is p a prime number?
False
Suppose 5*j - 5*w = 20, -3*w + 6*w = 0. Is (-10 + -108)*(-2)/j a composite number?
False
Let u = 13331 - 4937. Suppose 23*v - u = 17*v. Is v prime?
True
Is ((-502)/4)/(1/6*-3) a composite number?
False
Let j be (-102)/(-27) - 4 - (-16)/(-9). Is 4 + (-121 + j)*(-10 - -3) composite?
True
Let o(b) = 22*b**2 + 2*b + 89. Is o(-10) a composite number?
False
Let t = -25 - -25. Suppose -3*v - 2*l - 859 = 1829, t = v + 3*l + 903. Let m = -415 - v. Is m composite?
False
Let l be 1*-2*25/(-10). Let c be 24/5 + (-3)/(-15). Suppose 67 = c*z + s, 6 = -l*z + 5*s + 91. Is z a composite number?
True
Suppose -5*r = -y - 664, -r + 3*r + 1280 = -2*y. Let b = 1399 + y. Is b a prime number?
False
Suppose 1 = 4*d - 7. Suppose p + 2*a = a + 379, 0 = -p - d*a + 377. Is p a prime number?
False
Let f(w) = -7*w - 9. Let i be f(-2). Let r(k) = 31*k. Let c be r(3). Suppose i*q - 5*s - 569 + 79 = 0, -q - 4*s + c = 0. Is q a prime number?
True
Suppose 17*o = -2*o + 503215. Is o prime?
False
Suppose f + 2*f + 3*i + 75 = 0, -f = 2*i + 25. Let j = 134 + f. Is j a prime number?
True
Let n be ((-15)/9 + 1)*24. Is -4*1/(n/356) prime?
True
Suppose c + 2*c - 2677 = -5*r, c = -3*r + 899. Suppose c = -3*d + 7*d. Is d a prime number?
False
Let v(y) = -2772*y**3 - 2*y**2 + 8*y - 5. Is v(-3) a composite number?
False
Let q(r) = r**2 + 2. Let b = -30 + 30. Let k be q(b). Suppose -395 = -a - 2*i, k*a + i = -0*i + 793. Is a a prime number?
True
Let s = 36 + 6. Let x be (6 - -1)*s/49. Let p(t) = 3*t**2 - 4*t - 1. Is p(x) prime?
True
Let i(o) = -95*o - 4. Let b(s) = 286*s + 13. Let a(v) = 6*b(v) + 17*i(v). Is a(23) prime?
True
Is (-3)/((-5 - (-14438)/2887)/(-1)) prime?
True
Let o be ((-9)/(-2))/(3/6). Suppose 5*b - o*b = 0. Suppose b = 5*i - 217 - 73. Is i composite?
True
Let t(k) = -k**2 + 3*k + 4. Let x be t(4). Suppose x*l - 11689 = -4*u - l, -4*u + 11677 = 5*l. Is u a prime number?
False
Let q = 1 + 6. Let o be ((-126)/4)/q*-2. Suppose -5*p + 4*l = -1131, o*p + 4*l - 1099 = 4*p. Is p composite?
False
Suppose -h + 6 + 1 = c, 3*c = 2*h - 4. Suppose c*p + 0*p - 614 = -5*a, 2*p + a - 630 = 0. Is p a composite number?
False
Suppose -19*s = 2*x - 24*s - 2309, 5 = -s. Is x composite?
True
Suppose -14*r + 845 = -5035. Suppose 332 = v + b - 78, b = v - r. Is v a composite number?
True
Suppose -7*s + 10*s = 18. Let w be ((-4)/(-10))/((-17)/(-85)). Is (w - -324)*3/s prime?
True
Let o = -3434 + 7851. Is o a composite number?
True
Suppose -4*r - 15*r = -4*r. Suppose r = 4*x - s - 2204, 5*x - 2*s = 2*s + 2755. Is x a composite number?
True
Let x = 5161 + -3532. Is -2 + x + (-12)/3 prime?
False
Suppose 5*d + 5*n - 585 = 0, 2*d - 5*d = -4*n - 358. Let k = d + 363. Is k prime?
False
Suppose 2*a + r + 1037 = 0, -3*a + 3*r + 819 = 2352. Let w = a + 847. Is w composite?
False
Suppose 3*c - 5*n + 1019 = 7*c, 3*n = 9. Is (c/2)/((-2)/(-4)) composite?
False
Let z be (-3)/2 - 20/40. Is (-20220)/(-108) - z/(-9) composite?
True
Suppose -5*k - 1 + 21 = 0. Suppose -k*c + 352 = -412. Is c prime?
True
Let n = -25947 + 45754. Is n prime?
False
Let x(a) = -a**3 + 5*a**2 + 2*a - 3. Let k be x(5). Let q = 28 + k. Is q a composite number?
True
Let h = -6 + 18. Suppose -h*l + 8*l = 0. Suppose 0*j - 5*j + 4*k + 797 = l, 2*j - 324 = -k. Is j a prime number?
False
Suppose 0 = -2*i + 1 - 7. Let a(v) = 48*v**2 - v - 4. Is a(i) composite?
False
Suppose 2*b - 7*b - 15 = 0. Is ((-5296)/(-24) - 0)*b/(-2) a composite number?
False
Let f be (3 - (-200 - 3)) + -2. Let l = -127 + f. Is l composite?
True
Let x(q) = -3*q - 16. Let f be x(-6). Suppose -4*a - 4*u = -30936, 5*u - f*u + 30957 = 4*a. Is a composite?
True
Let n(r) = 2*r - 9. Let o be n(12). Let h = 15 - o. Suppose 3*x = -2*l - 3*l + 104, -5*x - l + 166 = h. Is x a composite number?
True
Let m(h) = 10*h**2 + 8*h - 15. Is m(6) prime?
False
Suppose 7*x + 4*u - 973 = 2*x, 4*u = -3*x + 587. Let s = x - 346. Let j = s + 238. Is j a prime number?
False
Let p(x) = -x**2 + x + 1. Let l be p(-1). Let c be l/5 - 112/(-35). Is (158/(-6))/((-1)/c) composite?
False
Let m = -8 - -26. Suppose 16*g + 58 = m*g. Let q = g + -8. Is q a prime number?
False
Let g(q) = q + 1. Let x(s) = 34*s - 7. Let f(a) = 2*g(a) + x(a). Is f(14) a composite number?
False
Let k(m) = -8127*m + 17. Is k(-2) a composite number?
True
Let x(u) be the first derivative of -u**2 + 12*u + 4. Let h be x(5). Suppose 259 = n + 2*q, 0 = 5*n + h*q + 2*q - 1277. Is n a composite number?
True
Let i = 244 - -2335. Is i prime?
True
Suppose -3*o - 2*x + 4 = -2*o, x + 3 = 2*o. Suppose 3*s - 8 + o = 0. Suppose -2*w - 92 = -4*m, 7*m - 97 = 2*m - s*w. Is m prime?
False
Let u = 5 + 6. Suppose 2367 = -u*k + 14*k. Suppose g - k = -2*g. Is g a composite number?
False
Suppose -2*p + 3 + 5 = 0. Suppose 3*z = s - 5, 5*z + 3*s = p*s - 5. Suppose 2*c - 100 - 48 = z. Is c prime?
False
Let s = 1487 - 818. Let z = s + 214. Is z a prime number?
True
Suppose 2*l - 8 = -0*l, -4*o = l - 12. Is (o + 0)*(-262)/(-4) a composite number?
False
Let f be (-1)/(3*(16/(-36))/4). Suppose 0 = -f*m + 591 + 330. Is m a prime number?
True
Let v be (-12)/(-16) - 7/4. Is -2*v*2/4 + 750 a prime number?
True
Suppose -2*j - 1205 = 5*v, -3*j = 2*v + 163 + 330. Let i = 366 + v. Is i a prime number?
True
Let x(u) = -80*u**3 + 4*u**2 - 6*u + 4. Let v be x(4). Let s = v + 7229. Is s composite?
False
Let w be (-26)/65 + 57/5. Suppose -1227 = -14*o + w*o. Is o a composite number?
False
Let h = -5 - -27. Suppose 2*m - 9 = -1, 5*m - h = -p. Suppose -p*g = -4*g + 62. Is g a prime number?
True
Suppose -4*f - 4348 = -4*j - 2*f, 0 = -5*j - 2*f + 5435. Is j a composite number?
False
Let a(i) = i + 19. Let f be a(-6). Let n = f - 5. Let h(b) = 62*b + 13. Is h(n) a prime number?
True
Let v(l) = 138*l + 31*l + 13 + 27 - 12. Is v(17) prime?
False
Is (-42)/(-77) - 188743/(-11) a composite number?
False
Suppose 0 = -4*d + 13 - 5. Is 2/d*21459/23 a composite number?
True
Suppose 2*p = 3*k - 3991, 20*k = 19*k + p + 1332. Is k prime?
True
Suppose 4*k - 19 = -3. Suppose -3*y + y + k = 0, -1032 = -5*h - y. Is h a prime number?
False
Let v be 0/(4 + 0 - 2). Suppose -3*f - 11 - 16 = v. Is (3/f)/(2/(-942)) composite?
False
Let q(p) = p**3 + p + 12. Suppose -3*c + 2*n - 2 = -c, 2*n = 2. Let h be q(c). Is ((-364)/h)/((-1)/3) a composite number?
True
Let k be 2*(5 + 189/(-6)). Let u = k - -106. Is u a composite number?
False
Suppose 3*q + 23 + 16 = 0. Let x = q - -16. Let d = 16 + x. Is d a prime number?
True
Let t(b) = 12*b**2 - 16*b - 1. Suppose -2*p + 33 = -3*g + p, 0 = -g - 4*p - 31. I